{"id":50,"date":"2013-02-12T01:24:21","date_gmt":"2013-02-11T23:24:21","guid":{"rendered":"http:\/\/www.krain.de\/arunya\/?page_id=50"},"modified":"2018-05-17T03:05:22","modified_gmt":"2018-05-17T01:05:22","slug":"kontakt","status":"publish","type":"page","link":"https:\/\/www.arunya-verlag.de\/?page_id=50","title":{"rendered":"Kontakt"},"content":{"rendered":"<p><strong><!-- Plugin: Kontakt -->\n<form method=\"post\" action=\"\">\n<div id=\"plugin_kontakt\">\n<div class=\"left\">\n<div class=\"field type_input\">\n<label>Ihr Name:<strong>*<\/strong><\/label>\n<input type=\"text\" name=\"kontakt_1\" value=\"\" \/>\n<\/div>\n<div class=\"field type_input\">\n<label>Ihre eMail-Adresse:<strong>*<\/strong><\/label>\n<input type=\"text\" name=\"kontakt_2\" value=\"\" \/>\n<\/div>\n<div class=\"field type_text\">\n<label>Ihre Nachricht:<strong>*<\/strong><\/label>\n<textarea name=\"kontakt_4\" cols=\"1\" rows=\"1\"><\/textarea>\n<\/div>\n<div class=\"field type_spam\">\n<label>Spam \u00dcberpr\u00fcfung:<strong>*<\/strong><\/label>\n<input type=\"text\" name=\"kontakt_spam\" value=\"\" \/>\n<img decoding=\"async\" src=\"https:\/\/www.arunya-verlag.de\/wp-content\/plugins\/plugin-kontakt\/functions\/captcha.php\" alt=\"Spam \u00dcberpr\u00fcfung\" \/>\n<\/div><div class=\"buttons\">\n<input type=\"submit\" name=\"kontakt_send\" value=\"Senden\" \/>\n<input type=\"reset\" name=\"kontakt_reset\" value=\"L\u00f6schen\" \/>\n<\/div>\n<\/div>\n<div class=\"right\">\n<p style=\"padding-left: 90px; text-align: justify;\">Bitte z\u00f6gern Sie nicht uns zu kontaktieren, wenn Sie eine Frage haben. Wir freuen uns immer, von unseren Besuchern zu h\u00f6ren.<\/p><\/div>\n<div class=\"clear\"><\/div>\n<\/div>\n<\/form>\n<\/strong><\/p>\n","protected":false},"excerpt":{"rendered":"<p>Ihr Name:* Ihre eMail-Adresse:* Ihre Nachricht:* Spam \u00dcberpr\u00fcfung:* Bitte z\u00f6gern Sie nicht uns zu kontaktieren, wenn Sie eine Frage haben. Wir freuen uns immer, von unseren Besuchern zu h\u00f6ren.<\/p>\n","protected":false},"author":1,"featured_media":0,"parent":0,"menu_order":0,"comment_status":"closed","ping_status":"closed","template":"","meta":{"footnotes":""},"_links":{"self":[{"href":"https:\/\/www.arunya-verlag.de\/index.php?rest_route=\/wp\/v2\/pages\/50"}],"collection":[{"href":"https:\/\/www.arunya-verlag.de\/index.php?rest_route=\/wp\/v2\/pages"}],"about":[{"href":"https:\/\/www.arunya-verlag.de\/index.php?rest_route=\/wp\/v2\/types\/page"}],"author":[{"embeddable":true,"href":"https:\/\/www.arunya-verlag.de\/index.php?rest_route=\/wp\/v2\/users\/1"}],"replies":[{"embeddable":true,"href":"https:\/\/www.arunya-verlag.de\/index.php?rest_route=%2Fwp%2Fv2%2Fcomments&post=50"}],"version-history":[{"count":7,"href":"https:\/\/www.arunya-verlag.de\/index.php?rest_route=\/wp\/v2\/pages\/50\/revisions"}],"predecessor-version":[{"id":1633,"href":"https:\/\/www.arunya-verlag.de\/index.php?rest_route=\/wp\/v2\/pages\/50\/revisions\/1633"}],"wp:attachment":[{"href":"https:\/\/www.arunya-verlag.de\/index.php?rest_route=%2Fwp%2Fv2%2Fmedia&parent=50"}],"curies":[{"name":"wp","href":"https:\/\/api.w.org\/{rel}","templated":true}]}}