{"id":2312,"date":"2020-07-13T01:00:21","date_gmt":"2020-07-12T23:00:21","guid":{"rendered":"https:\/\/www.arunya-verlag.de\/?post_type=product&#038;p=2312"},"modified":"2020-07-09T19:21:09","modified_gmt":"2020-07-09T17:21:09","slug":"giftgruene-see","status":"publish","type":"product","link":"https:\/\/www.arunya-verlag.de\/?product=giftgruene-see","title":{"rendered":"Giftgr\u00fcne See"},"content":{"rendered":"<p>von Toni Alexander Ihme<\/p>\n<p>Roman &#8211; Steampunk\/Steamfantasy<br \/>\nFarbig illustriertes Hardcover<br \/>\n318 Seiten &#8211; 14,90 EUR &#8211; eBook: 4,99 EUR<br \/>\nISBN: 978-3-95810-017-6<br \/>\nCover- und Innengrafiken: Shikomo<\/p>\n<p>&nbsp;<\/p>\n<p><strong>Die G\u00f6tter sind verstummt <\/strong><br \/>\n<strong>&#8211; und niemand vermisst sie.<\/strong><\/p>\n<p>Doch auch ohne ihre g\u00f6ttlichen Patrone finden die Sterblichen immer wieder Gelegenheiten, zu ein wenig Mord und Totschlag, wie Prinzessin Beleora zu ihrem Leidwesen erfahren muss.<br \/>\nNach einem Luftschiffabsturz findet sie sich zusammen mit ihrer treuen Zofe Bouri am Boden der Giftgr\u00fcnen See wieder; ein t\u00f6dlicher Dschungel, aus dem noch nie jemand lebend in die zivilisierte Welt zur\u00fcckgekehrt ist. Doch schon bald findet sie heraus, dass nostalgische Untote, g\u00f6tzenverehrende Eidechsen-Primitivlinge und gierig geifernde Riesenhundertf\u00fc\u00dfer die geringsten ihrer Probleme sind.<\/p>\n<p>&nbsp;<\/p>\n","protected":false},"excerpt":{"rendered":"<p>von Toni Alexander Ihme Roman &#8211; Steampunk\/Steamfantasy Farbig illustriertes Hardcover 318 Seiten &#8211; 14,90 EUR &#8211; eBook: 4,99 EUR ISBN: 978-3-95810-017-6 Cover- und Innengrafiken: Shikomo &nbsp; Die G\u00f6tter sind verstummt &#8211; und niemand vermisst sie. Doch auch ohne ihre g\u00f6ttlichen Patrone finden die Sterblichen immer wieder Gelegenheiten, zu ein wenig Mord und Totschlag, wie Prinzessin [&hellip;]<\/p>\n","protected":false},"featured_media":2064,"comment_status":"closed","ping_status":"closed","template":"","meta":[],"product_cat":[53,55,54],"product_tag":[],"_links":{"self":[{"href":"https:\/\/www.arunya-verlag.de\/index.php?rest_route=\/wp\/v2\/product\/2312"}],"collection":[{"href":"https:\/\/www.arunya-verlag.de\/index.php?rest_route=\/wp\/v2\/product"}],"about":[{"href":"https:\/\/www.arunya-verlag.de\/index.php?rest_route=\/wp\/v2\/types\/product"}],"replies":[{"embeddable":true,"href":"https:\/\/www.arunya-verlag.de\/index.php?rest_route=%2Fwp%2Fv2%2Fcomments&post=2312"}],"wp:featuredmedia":[{"embeddable":true,"href":"https:\/\/www.arunya-verlag.de\/index.php?rest_route=\/wp\/v2\/media\/2064"}],"wp:attachment":[{"href":"https:\/\/www.arunya-verlag.de\/index.php?rest_route=%2Fwp%2Fv2%2Fmedia&parent=2312"}],"wp:term":[{"taxonomy":"product_cat","embeddable":true,"href":"https:\/\/www.arunya-verlag.de\/index.php?rest_route=%2Fwp%2Fv2%2Fproduct_cat&post=2312"},{"taxonomy":"product_tag","embeddable":true,"href":"https:\/\/www.arunya-verlag.de\/index.php?rest_route=%2Fwp%2Fv2%2Fproduct_tag&post=2312"}],"curies":[{"name":"wp","href":"https:\/\/api.w.org\/{rel}","templated":true}]}}